193
List the prime factors of 1629.
3, 181
What are the prime factors of 18515?
5, 7, 23
What are the prime factors of 438?
2, 3, 73
What are the prime factors of 40223?
19, 29, 73
What are the prime factors of 62858?
2, 53, 593
What are the prime factors of 18795?
3, 5, 7, 179
What are the prime factors of 2269?
2269
What are the prime factors of 567?
3, 7
What are the prime factors of 890?
2, 5, 89
List the prime factors of 24114.
2, 3, 4019
List the prime factors of 16648.
2, 2081
List the prime factors of 35590.
2, 5, 3559
List the prime factors of 47889.
3, 17, 313
List the prime factors of 2546.
2, 19, 67
What are the prime factors of 4536?
2, 3, 7
What are the prime factors of 23019?
3, 7673
What are the prime factors of 1028?
2, 257
List the prime factors of 3337.
47, 71
What are the prime factors of 7432?
2, 929
List the prime factors of 2931.
3, 977
List the prime factors of 20123.
20123
What are the prime factors of 57?
3, 19
List the prime factors of 3018.
2, 3, 503
What are the prime factors of 1365?
3, 5, 7, 13
List the prime factors of 150.
2, 3, 5
What are the prime factors of 6895?
5, 7, 197
List the prime factors of 38297.
7, 5471
List the prime factors of 18429.
3, 6143
What are the prime factors of 1514?
2, 757
List the prime factors of 3337.
47, 71
List the prime factors of 30159.
3, 1117
What are the prime factors of 42882?
2, 3, 7, 1021
List the prime factors of 16743.
3, 5581
List the prime factors of 633.
3, 211
List the prime factors of 7715.
5, 1543
List the prime factors of 13177.
13177
List the prime factors of 24038.
2, 7, 17, 101
What are the prime factors of 2718?
2, 3, 151
List the prime factors of 59875.
5, 479
List the prime factors of 58772.
2, 7, 2099
List the prime factors of 7933.
7933
What are the prime factors of 3322?
2, 11, 151
What are the prime factors of 829?
829
List the prime factors of 1154.
2, 577
List the prime factors of 2118.
2, 3, 353
List the prime factors of 1239.
3, 7, 59
What are the prime factors of 406?
2, 7, 29
What are the prime factors of 13046?
2, 11, 593
What are the prime factors of 8715?
3, 5, 7, 83
List the prime factors of 776.
2, 97
List the prime factors of 5344.
2, 167
What are the prime factors of 1424?
2, 89
List the prime factors of 19454.
2, 71, 137
List the prime factors of 21229.
13, 23, 71
What are the prime factors of 47692?
2, 11923
List the prime factors of 1094.
2, 547
What are the prime factors of 4966?
2, 13, 191
List the prime factors of 806.
2, 13, 31
List the prime factors of 4604.
2, 1151
What are the prime factors of 55749?
3, 18583
List the prime factors of 11807.
11807
List the prime factors of 33399.
3, 1237
List the prime factors of 61336.
2, 11, 17, 41
What are the prime factors of 155961?
3, 13, 31, 43
List the prime factors of 39875.
5, 11, 29
List the prime factors of 19395.
3, 5, 431
List the prime factors of 20340.
2, 3, 5, 113
What are the prime factors of 38166?
2, 3, 6361
What are the prime factors of 1089?
3, 11
List the prime factors of 4673.
4673
List the prime factors of 6568.
2, 821
What are the prime factors of 905?
5, 181
What are the prime factors of 34551?
3, 11, 349
List the prime factors of 3578.
2, 1789
List the prime factors of 19347.
3, 6449
List the prime factors of 83167.
7, 109
What are the prime factors of 34801?
13, 2677
What are the prime factors of 2843?
2843
List the prime factors of 3726.
2, 3, 23
List the prime factors of 1317.
3, 439
List the prime factors of 403.
13, 31
List the prime factors of 2054.
2, 13, 79
What are the prime factors of 18621?
3, 2069
What are the prime factors of 7805?
5, 7, 223
What are the prime factors of 553?
7, 79
What are the prime factors of 41291?
157, 263
List the prime factors of 101128.
2, 12641
List the prime factors of 5891.
43, 137
List the prime factors of 117.
3, 13
List the prime factors of 3571.
3571
What are the prime factors of 40006?
2, 83, 241
What are the prime factors of 107959?
47, 2297
What are the prime factors of 7234?
2, 3617
List the prime factors of 7245.
3, 5, 7, 23
List the prime factors of 1787.
1787
List the prime factors of 2480.
2, 5, 31
What are the prime factors of 2873?
13, 17
List the prime factors of 6800.
2, 5, 17
What are the prime factors of 17156?
2, 4289
What are the prime factors of 40339?
13, 29, 107
What are the prime factors of 40477?
17, 2381
What are the prime factors of 10327?
23, 449
What are the prime factors of 107601?
3, 13, 31, 89
What are the prime factors of 65679?
3, 21893
What are the prime factors of 15911?
7, 2273
What are the prime factors of 2881?
43, 67
What are the prime factors of 3447?
3, 383
What are the prime factors of 79711?
79, 1009
List the prime factors of 9879.
3, 37, 89
List the prime factors of 1441.
11, 131
What are the prime factors of 248?
2, 31
What are the prime factors of 86?
2, 43
List the prime factors of 12505.
5, 41, 61
List the prime factors of 4378.
2, 11, 199
What are the prime factors of 1970?
2, 5, 197
List the prime factors of 1399.
1399
List the prime factors of 295.
5, 59
List the prime factors of 12944.
2, 809
List the prime factors of 23950.
2, 5, 479
What are the prime factors of 1703?
13, 131
What are the prime factors of 64168?
2, 13, 617
List the prime factors of 23976.
2, 3, 37
List the prime factors of 12824.
2, 7, 229
List the prime factors of 40323.
3, 13441
List the prime factors of 41783.
7, 47, 127
List the prime factors of 331.
331
List the prime factors of 28718.
2, 83, 173
List the prime factors of 2467.
2467
List the prime factors of 24575.
5, 983
What are the prime factors of 1755?
3, 5, 13
List the prime factors of 986.
2, 17, 29
List the prime factors of 8335.
5, 1667
What are the prime factors of 96?
2, 3
What are the prime factors of 2918?
2, 1459
List the prime factors of 8579.
23, 373
What are the prime factors of 104847?
3, 34949
What are the prime factors of 877?
877
What are the prime factors of 9702?
2, 3, 7, 11
What are the prime factors of 17069?
13, 101
What are the prime factors of 6113?
6113
What are the prime factors of 233?
233
What are the prime factors of 3927?
3, 7, 11, 17
What are the prime factors of 745?
5, 149
What are the prime factors of 1019?
1019
List the prime factors of 826.
2, 7, 59
What are the prime factors of 1454?
2, 727
What are the prime factors of 824?
2, 103
List the prime factors of 987.
3, 7, 47
List the prime factors of 82612.
2, 19, 1087
What are the prime factors of 42?
2, 3, 7
What are the prime factors of 1091?
1091
What are the prime factors of 20837?
67, 311
What are the prime factors of 23703?
3, 7901
List the prime factors of 4141.
41, 101
List the prime factors of 1031.
1031
List the prime factors of 93013.
47, 1979
List the prime factors of 20908.
2, 5227
List the prime factors of 3162.
2, 3, 17, 31
List the prime factors of 63279.
3, 79, 89
List the prime factors of 11297.
11, 13, 79
List the prime factors of 36969.
3, 12323
List the prime factors of 620.
2, 5, 31
List the prime factors of 42365.
5, 37, 229
What are the prime factors of 26253?
3, 2917
What are the prime factors of 775?
5, 31
What are the prime factors of 21078?
2, 3, 1171
What are the prime factors of 23587?
103, 229
List the prime factors of 2491.
47, 53
List the prime factors of 10455.
3, 5, 17, 41
List the prime factors of 1753.
1753
List the prime factors of 17920.
2, 5, 7
What are the prime factors of 26439?
3, 7, 1259
What are the prime factors of 293?
293
What are the prime factors of 4714?
2, 2357
List the prime factors of 17666.
2, 11, 73
What are the prime factors of 394?
2, 197
What are the prime factors of 43885?
5, 67, 131
List the prime factors of 450.
2, 3, 5
What are the prime factors of 16135?
5, 7, 461
List the prime factors of 28410.
2, 3, 5, 947
List the prime factors of 1098.
2, 3, 61
List the prime factors of 1324.
2, 331
List the prime factors of 6884.
2, 1721
List the prime factors of 32681.
11, 2971
What are the prime factors of 859?
859
What are the prime factors of 23470?
2, 5, 2347
What are the prime factors of 1424?
2, 89
What are the prime factors of 492?
2, 3, 41
List the prime factors of 41842.
2, 20921
What are the prime factors of 287?
7, 41
List the prime factors of 673.
673
What are the prime factors of 1372?
2, 7
List th